 43 = 0. Calculate the remainder when 23 is divided by v.
11
Let l = 17 - 6. Let z = 7 + -3. Calculate the remainder when l is divided by z.
3
Calculate the remainder when (-45)/(-6)*(-84)/(-5) is divided by 43.
40
Let y = -6 - -10. Let d(v) = -v + 1. Let j(r) = 13. Let s(i) = y*d(i) - j(i). Calculate the remainder when 43 is divided by s(-6).
13
Let x = 78 + -47. Calculate the remainder when x is divided by 17.
14
Let f be (-2)/10 - (-92)/10. Let b = -69 + f. Calculate the remainder when (b/(-35))/(4/42) is divided by 10.
8
Let u be (-105)/14 + (-1)/(-2). Let w = 6 + u. What is the remainder when (3 + w - 3) + 11 is divided by 4?
2
Suppose -2*o = 4, -t + 106 = t + o. What is the remainder when t is divided by 10?
4
Suppose 3*z - 26 = z. Let s = z - -7. Suppose -5*j + 4*w + 190 = 0, -3*j + 5*w - 3*w = -114. Calculate the remainder when j is divided by s.
18
Calculate the remainder when 4/(-6) - 832/(-24) is divided by 18.
16
Let d(b) = -3*b**2. Let r be d(1). Let z = 20 - r. Suppose -2*o + 31 = 5. What is the remainder when z is divided by o?
10
Let z = -236 + 342. Calculate the remainder when z is divided by 27.
25
Let t = -19 - -38. Calculate the remainder when t is divided by ((-2)/(-6))/((-1)/(-21)).
5
Suppose 0 = -v + n + 33, -3*v + 6*v = 5*n + 93. Calculate the remainder when v is divided by 13.
10
Let a(h) = -h**3 + 14*h**2 - 17*h + 11. Let s be a(12). Suppose 5*x + 5*m - s = 0, 4*m = -2*x + 4*x - 20. Calculate the remainder when 44 is divided by x.
12
Let m(j) = j**2 - 3*j + 3. Suppose -10 = 5*p - 3*p. Calculate the remainder when m(p) is divided by 15.
13
Suppose -4*b + 80 = -0. Calculate the remainder when b is divided by (-36)/(-5) + (-26)/130.
6
Let i(y) = 7*y - 6. Let k be i(-4). What is the remainder when (1/1)/3*69 is divided by k/(-4) - (-2)/(-4)?
7
Let s = 83 - 51. What is the remainder when s is divided by (-4)/(-18) - (-388)/36?
10
Let a = -19 - -26. Calculate the remainder when a is divided by 5.
2
Suppose 4*j - 7*j + 243 = 0. What is the remainder when j is divided by 28?
25
Let p = -10 + 9. Let n be -1 - p - (8 + -8). Suppose -16 = -4*v + t, 3*v - 3*t - 25 + 4 = n. Calculate the remainder when 10 is divided by v.
1
Let a(t) = -4*t - 6*t + 6*t. Calculate the remainder when 69 is divided by a(-6).
21
Suppose 0*m - 2*m = -14. Let f = 18 - 12. Let q(x) = -x**2 + 8*x. What is the remainder when q(f) is divided by m?
5
Let u be (2 - -2)*-1 + 7. Let h be -4*(1 + 0)/(-1). Suppose u*a = h + 5. Calculate the remainder when 7 is divided by a.
1
Let h = -42 - -60. Calculate the remainder when 53 is divided by h.
17
Suppose -13 = l + 2*r, -r + 31 = -0*l - 2*l. Let h = -11 - l. Suppose h*u = u + 87. Calculate the remainder when u is divided by 15.
14
Suppose 0 = -5*y + y - 136. Let r = 64 + y. Calculate the remainder when r is divided by 16.
14
Suppose 27*o + 108 = 33*o. What is the remainder when o is divided by 7?
4
Let v(x) = -7*x + 3. Suppose 5*t + 2*l - 61 = 3*l, 0 = 3*t + 5*l - 31. What is the remainder when v(-6) is divided by t?
9
Let q be 2 - 1 - (-6)/(-6). Suppose 14 = -q*r + 2*r. What is the remainder when 19 is divided by r?
5
Let i(t) = 2*t**2 + t + 4. Let n be i(3). Let z = n - 12. What is the remainder when z is divided by 10/5*(-21)/(-6)?
6
Suppose 2*d + 36 = 6*d. Suppose d = -3*f + 4*f. What is the remainder when 16 is divided by f?
7
Suppose -320 = 8*y - 18*y. Calculate the remainder when 124 is divided by y.
28
Suppose 108 = -39*g + 48*g. Calculate the remainder when g is divided by 4 + -1 + 1 - -1.
2
Let o(g) = g**2 + 5*g - 2. What is the remainder when o(4) is divided by 12?
10
Suppose -6*k + 98 - 14 = 0. Let h be ((-2)/2 - -7)*1. Let f(g) = 9*g. What is the remainder when f(h) is divided by k?
12
Let u(x) = 23*x**3 - 1. Calculate the remainder when u(1) is divided by (-10)/(-3)*(-36)/(-10).
10
Let a = 5 - 1. Suppose -5*x + 6 = 3*w, -8 = x + x - a*w. Suppose x = 3*c - 32 - 127. What is the remainder when c is divided by 18?
17
Let a = -9 + 20. Suppose 4*n - 5*k - 41 = 0, -3*n - 1 + 8 = k. What is the remainder when a is divided by n?
3
Let n = -22 - -16. What is the remainder when 29 is divided by -3 - -3 - 0 - n?
5
Let y be 1/((1 - 4)/(-99)). Suppose -8*d + 5*d + y = 0. Calculate the remainder when 21 is divided by d.
10
Let t(q) = -q + 16. Let x be t(6). Let i(l) = -2*l + 5. Let r(k) = -2*k + 4. Let n(a) = 5*i(a) - 6*r(a). What is the remainder when n(x) is divided by 11?
10
Suppose -4*s + 6 = 2*v, -v + 2*s - 11 + 2 = 0. Let u = v + 4. What is the remainder when u is divided by 1?
0
Let b = 1 - 3. Let u(w) = -w**2 + 13*w + 9. Let a(o) = 2*o**2 - 20*o - 14. Let f(z) = 5*a(z) + 8*u(z). What is the remainder when 4 is divided by f(b)?
0
Suppose x + 78 - 20 = j, j - 58 = 3*x. What is the remainder when j is divided by 15?
13
Let z(b) = -b**3 + 8*b**2 - 6*b - 4. Let d be z(7). Suppose 2*v - d*p - 29 = 0, 5*v - p = 6 + 47. Calculate the remainder when v is divided by 3.
1
Let i = -23 + 93. Calculate the remainder when i is divided by 24.
22
Suppose d = -14 + 8. Let c = d - -9. Calculate the remainder when 5 is divided by c.
2
Suppose 6*c = c + 100. Calculate the remainder when 56 is divided by c.
16
Let w = -3 - 52. Calculate the remainder when 54 is divided by (-1)/(-4) + w/(-4).
12
What is the remainder when (1 + -6 - -3) + 20 is divided by 7?
4
Let b = 9 - -7. Let h = -93 + 132. Suppose 81 = 4*k - h. What is the remainder when k is divided by b?
14
Suppose 2*k + 48 = 5*k. Let i = k + -11. What is the remainder when 13 is divided by i?
3
Let n(v) = -2*v + 1. Let f(j) = 11*j + 2. Let q(y) = -10*y - 2. Let i(r) = -5*f(r) - 6*q(r). What is the remainder when i(3) is divided by n(-4)?
8
Let o be (-3 - (-30)/8)*4. Suppose 85 = o*t + 2*t. What is the remainder when 32 is divided by t?
15
Let o be ((-26)/4)/((-2)/(-16)). Let k = o + 18. Let d = k + 52. What is the remainder when d is divided by 10?
8
Let l = 39 - 12. Suppose 2 = -n + d, 2*n - 4*d + 4 = -0*n. Calculate the remainder when l is divided by 16 + (-2 + n - -2).
13
Suppose 2*b - 12 = 3*l + 17, -48 = -4*b + 4*l. Let j(a) = a**2 + a - 5. Calculate the remainder when 410/14 - 2/b is divided by j(-5).
14
Suppose -3*j - 3 = 5*l + 16, 3*l + j + 13 = 0. Let v(i) = i**2 + 5*i + 4. Let u be v(l). Calculate the remainder when 7 is divided by 14/u - (-3)/6.
3
Suppose 6*l = 3*l + 36. Calculate the remainder when (46/(-4))/((-2)/l) is divided by 18.
15
Suppose -4*l = -109 + 21. Let y(d) = d**3 - 4*d**2 - d - 1. Let r be y(5). Let q = 31 - r. What is the remainder when l is divided by q?
10
Let z(h) = -h**3 - 9*h**2 - 4*h - 7. Calculate the remainder when 115 is divided by z(-9).
28
Suppose -4*n + 8*n - 4 = 0. What is the remainder when 2 is divided by n?
0
Let y(h) = h**3 + 7*h**2 - 10*h - 11. Suppose -27 = -3*j - 0*j. Calculate the remainder when j is divided by y(-8).
4
Calculate the remainder when 38 is divided by 3*6*(-20)/(-36).
8
Let s(p) = p + 16. Suppose 3*w = 4*w + 14. Suppose 5*z + 0*r = 2*r + 31, z + 2*r + 1 = 0. Calculate the remainder when z is divided by s(w).
1
Let r(u) = u**3 + 21*u**2 + 23. Let w(y) = -2*y + 2. What is the remainder when r(-21) is divided by w(-3)?
7
What is the remainder when 47 is divided by -3 - (2 - (20 + 1))?
15
Let m(k) = -k**3 + 18*k**2 + 20*k + 3. Suppose -2*r - 1 = -2*u + 17, -2*r = 2*u - 26. Let l = u + -3. What is the remainder when m(19) is divided by l?
6
Let g(z) = 34*z**2 - z + 1. Suppose 3*i = -i + 28. Suppose -2*j + 5*r + 24 = 0, -2*r + i = 2*j - 17. Calculate the remainder when g(1) is divided by j.
10
Let d(v) = -v**2 - v + 13. Let x(z) = -z - 1. Let s be x(-1). Calculate the remainder when 37 is divided by d(s).
11
Let g = 3 + 3. Calculate the remainder when 27 is divided by ((-14)/4)/(g/(-12)).
6
Suppose -3*c = c - 48. Suppose -2 = -2*q + c. Calculate the remainder when q is divided by 4.
3
Let m = 51 - 32. What is the remainder when m is divided by 11?
8
Suppose 2*p - 6 = -2. Suppose 7 - 2 = 2*o - 3*j, 0 = p*o - j - 11. Suppose -o*n + 32 = -3*n. What is the remainder when n is divided by 3?
2
Suppose 3*o - 5*f - 148 = -o, -4*o - 4*f = -148. What is the remainder when o is divided by 8?
5
Let d(v) = -v**2 - 9*v + 9. What is the remainder when 26 is divided by d(-9)?
8
Let s(y) = y**3 + 15*y**2 - 12*y + 50. Calculate t